- 1. Calculate s(n).
-1
Let f(q) be the first derivative of -68 + 9/2*q**2 - 1/4*q**4 - 8/3*q**3 - 6*q. Suppose 2*d + 15 = -3*m, -2 = 3*m - 5*m. Determine f(d).
-6
Let g = -11 + 15. Let f(z) = -3316*z**2 - 7*z + 3318*z**2 + 9 + 6 - 19 + 3*z. Calculate f(g).
12
Suppose 0 - 14 = -d + 2*r, 2 = d + 4*r. Let o(m) = 207*m + 7. Let l(t) = 155*t + 7. Let z(s) = 4*l(s) - 3*o(s). Determine z(d).
-3
Let y(p) = 1. Let j(g) = 3*g - 4. Suppose -f + 5 = -l, l - 5*f + 2 = -f. Let v(a) = l*y(a) - j(a). Determine v(-2).
4
Let t be -30 + 1 + -4 + 4. Let f = t - -48. Suppose 7*a = f - 54. Let q(w) = w + 2. Determine q(a).
-3
Let j(a) be the first derivative of a**3/3 - 11*a**2 + 105*a - 4548. Determine j(11).
-16
Let j(c) = -137*c**3 - 21*c**2 + 20*c - 1. Let y(a) = -25*a**3 - 4*a**2 + 4*a. Let w(i) = -2*j(i) + 11*y(i). Calculate w(-5).
57
Let i(b) = -1. Let z(o) = 3*o + 4. Let u(a) = 9*a + 3. Let c be u(0). Let m(y) = c*i(y) + z(y). Suppose -3*x + 0*j + 3*j = -3, 2*x - 4*j = 12. Determine m(x).
-11
Let t(c) be the second derivative of -c**4/12 + 2*c**3/3 - 5*c**2/2 - 10*c - 24. What is t(2)?
-1
Let r(y) = -6*y + 2. Let s(k) be the second derivative of k**4/12 - k**3/6 - 6*k - 5. Let h(v) = -r(v) - s(v). Determine h(6).
4
Suppose 3*v + 44 = -76*u + 80*u, 0 = 3*u + 3*v - 12. Let p(q) = 9*q - 70. What is p(u)?
2
Let b(n) = 3*n - 9. Let v(z) = z**3 + 11*z**2 - 21*z - 9. Let u be v(-6). Suppose -a + u = 26*a. What is b(a)?
24
Let b(l) = l**3 + l**2 + l + 8 + 7 - 21 + 7. Let w(k) = 5*k**3 - 7*k**2 + 13*k + 8. Let p(y) = 4*b(y) - w(y). Give p(10).
6
Suppose 5*g + 4*y = 40, -y + 10 = 3*g - 7. Suppose 44 = 4*b + g*m, 4*b - m - 32 = -2*m. Let v(s) = 11*s**2 - b*s**2 - 7*s**2 - 2*s - 1. Give v(-1).
-2
Let s(d) be the first derivative of -10*d + 1/4*d**4 + 7/3*d**3 - 65 + 2*d**2. What is s(-7)?
-38
Let t(g) = 8*g**3 + g**2 - g + 3. Let r(o) = 31*o**3 + 4*o**2 - 5*o + 13. Let l(k) = 2*r(k) - 9*t(k). Let v be 4/18*10926/(-2428). What is l(v)?
9
Let m(w) = -w**3 + 28*w**2 - 34*w + 35. Let a be m(27). Let h be 4/14 - 418/a. Let p(f) = -2*f - 138*f**2 + 1 + 4*f + 137*f**2. Give p(h).
-2
Let h(b) = -b**3 + b**2 + 2*b. Let d be ((-128)/(-3))/(8/12). Suppose 3*o = o + 124. Let m = d - o. What is h(m)?
0
Let f(k) = -k**3 - 39*k**2 - 37*k + 31. Suppose -194 = 5*d - q, -325*d + 5*q = -322*d + 134. Calculate f(d).
-7
Let z(s) = -6*s**2 - 14*s - 18. Suppose 0 = 176*y - 31 + 911. Give z(y).
-98
Let b(g) = -30*g - 6 + 17*g + 12*g - 5*g**2 + 4*g + 6*g**2. Let x = -11 - -3. Determine b(x).
34
Let d(k) = -126*k - 6 + 0*k**3 + 253*k + k**2 + 3*k**3 - 4*k**3 - 124*k. What is d(4)?
-42
Let j = 141 + -125. Let c(q) = -1 - 8*q + j*q + 2*q**2 + 4 - 5*q. Determine c(3).
30
Let b(n) = n**2 + 78*n - 331. Let r be b(4). Let u(s) = 10*s - 5. Give u(r).
-35
Let s(g) = 11 - g + 1 - 1. Suppose 3*z - 2*u = 8*z - 1240, -z + 3*u + 248 = 0. Suppose -5*r = 26*r - z. Determine s(r).
3
Let h(c) = 3*c + 1. Let l = -239 + 238. Let k(d) = -7*d - 6. Let z(j) = l*k(j) - 2*h(j). Suppose -2*q = -a - 6, -a + 7*q - 2*q - 21 = 0. Give z(a).
8
Let m be 20/150*15/2. Let l(s) = -21*s**2. What is l(m)?
-21
Suppose -5*m - n + 20 = 0, -3*m + 0 = -n - 4. Let o(u) = 10*u**2 + 2*u + 3. Let a(l) = 7*l**2 + 3*l + 3. Let w(i) = m*a(i) - 2*o(i). Calculate w(-6).
9
Let g(l) = l**3 + 7*l**2 + 66*l + 277. Let y be g(-5). Let r(o) = o + 9. Determine r(y).
6
Let i(k) = 4*k + 10*k - 28*k + 13*k + 5 - 17. Determine i(15).
-27
Let b(q) = -20 + q + 27 + 2 - 16. Give b(-6).
-13
Suppose 0 = -4*n - 4*r, 4*r + 5 = 4*n - 27. Let v(k) = 3 - 2*k**3 - 2 - 5*k**2 - n*k + k**3. Let d = -277548 + 277545. Calculate v(d).
-5
Let t(y) be the first derivative of 2*y**2 + 2*y - 1. Let i = -447 + 916. Let m = i + -465. Calculate t(m).
18
Let m(w) = 2*w**2 + 2*w + 25. Let z(j) = 8*j**2 + 6*j + 87. Let h(r) = 7*m(r) - 2*z(r). Suppose 4*g - 3 = 3*g. Determine h(g).
-11
Let u be 31 + 303 + -1 + -4. Let r be 1/(-8 + u/42). Let o(h) = -h**3 - 7*h**2 - 9*h - 11. Give o(r).
7
Suppose 0 = -y + 2*l + 22, 3*y + 0*l - 46 = 2*l. Let o(v) = -v**2 + 12*v - 21. What is o(y)?
-21
Let j(n) = -n**2 + n + 2. Suppose -7*k + 18 - 32 = 0. Let p be (-15)/5*(k + 16/12). Calculate j(p).
0
Let g(x) = -2*x**2 - 41*x + 9. Let w(h) = -h**2 - 20*h + 5. Let q(o) = -3*g(o) + 7*w(o). Let z = 189185 + -189202. Determine q(z).
8
Let d(k) = 9*k - 4. Let f be (6/(-30) + (-46)/(-5))*158/(-237). What is d(f)?
-58
Let o(s) = -51*s - 17. Suppose -4*z + n - 1 = -9, -4*z - 5*n = -8. Determine o(z).
-119
Let x(z) = z**3 - z - 1. Let i(u) = -2*u**3 - 4*u**2 - 3. Let b(v) = -i(v) - x(v). Suppose 0 = -58*h + 61*h. Let a(q) = 40*q - 3. Let k be a(h). Determine b(k).
10
Let s(i) = -i + 10. Let j = 29 + -23. Let h be s(j). Let d(c) be the first derivative of c**2/2 - 6*c - 46. Give d(h).
-2
Let k(c) = -c**2 - c + 72. Suppose 1968 - 1752 = -24*w. Give k(w).
0
Let d = -32 + 13. Let t(u) = 3*u + 47. Let c be t(d). Let g = -2 - c. Let i(z) = -z**2 + 8*z - 2. Determine i(g).
-2
Let g(x) = -x + 30. Suppose 108 = -28*s + 53*s - 13*s. Calculate g(s).
21
Let m(u) = 3*u + 10*u**2 - 335614 - 9*u**2 + 335615 - u**3. Let b = 2 + -5. Give m(b).
28
Let v(u) = 41*u + 26 - 17*u**2 + 46*u + u**3 - 108*u. Determine v(18).
-28
Let z(y) be the second derivative of y**3/3 + 13*y**2 + 2*y - 2153. Determine z(-27).
-28
Let h = 14988 - 14986. Let f(d) = 4*d**2 - d + 7. Give f(h).
21
Let a(u) = u**3 - 5*u**2 + 2*u + 5. Suppose 0 = -j - 6, 2*o + 12 - 24 = j. Calculate a(o).
-7
Let n(w) = -2*w**3 - 7*w**2 + 12*w + 42. Let j(o) = o**3 + 6*o**2 + 15*o + 15. Let q be j(-3). What is n(q)?
-3
Let y(z) = -2*z + 10 + 4 + 10*z**2 - 21*z**2 - 8 + 10*z**2. Determine y(-2).
6
Let v(z) = z**3 - 9*z**2 + 13*z + 9. Suppose 5*f + 5*t - 20 = 0, 25*f + 23 = 30*f + 4*t. Calculate v(f).
2
Let t(f) = -f**3 - 10*f**2 + 6*f + 50. Let j be t(-10). Let o be 24/(-2)*j/(-15). Let d(a) = a**3 + 9*a**2 + 7*a - 8. Give d(o).
0
Let y(n) = 86*n**2 - 112*n - 250. Let s(o) = -15*o**2 + 19*o + 42. Let k(b) = 23*s(b) + 4*y(b). Give k(-7).
-6
Let m be 375/30 + (-1)/6*-3. Let i(g) = 13*g + m*g - 34*g - 2 + 4 + g**2. Suppose 1 = -x + 8. What is i(x)?
-5
Let q(m) = -m**3 - 6*m**2 - 25*m - 141. Let x(l) = 3*l**3 - 106*l**2 + 34*l + 29. Let o be x(35). What is q(o)?
9
Let u(s) = 3*s**3 + 13*s**2 - 23*s + 33. Let y(g) = -2*g**3 - 8*g**2 + 15*g - 22. Let r(v) = 5*u(v) + 7*y(v). Give r(-10).
11
Let j be 51/2*-3*(-4)/9. Suppose j = s + 21. Let v be 4/10*(s - 3). Let l(q) = q**3 - 5*q**2 - q + 1. Determine l(v).
-19
Let o be (-13 + -1 - -4) + (-13 - -16). Let g(u) = -11*u - 52. What is g(o)?
25
Let x = 375 + -353. Let p(g) = -3*g + 66. Let y be p(x). Let t(h) = -h**2 - h + 12. What is t(y)?
12
Let p(y) = -2*y**2 - 7*y + 1. Let n = 268 + -280. Let j(u) = u**2 + 11*u - 17. Let r be j(n). Calculate p(r).
-14
Let d(g) = 6*g**2 + 0*g**2 + 4*g**2 + 3*g**2 - 1. Suppose -27*r - 9 = -18*r. Calculate d(r).
12
Let p(a) = -8*a + 30. Suppose 2*l - 188 = -178. What is p(l)?
-10
Suppose 0 = -2*z - 4*l - 20 + 2, 0 = z - 3*l - 6. Let k be 12/(-3) + (0/z)/1. Let t(o) = -6*o + 3. Determine t(k).
27
Let f be 2 + (-252)/119 + ((-83)/17 - -4). Let v(i) be the first derivative of 8*i**3/3 + i - 8. Calculate v(f).
9
Let p(x) = -2*x + 6. Suppose 2*w + 3*l - 25 = 0, -49 = -2*w - 0*l + 5*l. Suppose 3*h - 5*h = -5*d + 27, -3*h + w = 4*d. Give p(d).
-4
Let u(d) = 6*d - 43. Let y be u(8). Let r(w) = 27*w - 15*w + 6 - 7*w + 1 - 6*w. Calculate r(y).
2
Suppose 3*t - 4*g - 4 = -13, 2*t = g - 1. Let k(n) be the first derivative of -n**5/120 - n**3 + 3. Let f(b) be the third derivative of k(b). What is f(t)?
-1
Let n(c) = -c**2 + 5 - c + 4*c**2 - 6607*c**3 - 13 + 2*c**2 + 6606*c**3. Give n(4).
4
Let n = -3 - -4. Let p(f) be the first derivative of -f**5/5 - f**2/2 + 81*f - 35. Let v(h) be the first derivative of p(h). Determine v(n).
-5
Let m(t) = -13509*t - 63 + 27004*t - 19 - 13503*t. Give m(-15).
38
Let w = -13332 - -13337. Let t(g) = -108*g + 547. Determine t(w).
7
Let o(i) = -91*i + 90*i - 1 + 28 + 1. Give o(-3).
31
Let a(d) = -3*d + 39. Let y be a(13). Let t = y - -3. Suppose 2*w = 3*b - 16, t*w - 7*w = 2*b + 32. Let o(c) = c**2 + 9*c + 12. What is o(w)?
4
Let k(p) be the first derivative of -p**7/840 + 7*p**6/180 - p**5/120 + p**4/2 + p**3 + 33*p - 95. Let r(i) be the third derivative of k(i). Give r(14).
